j) = 5. Let h(v) = -3*t(v) - w(v). Calculate the remainder when h(-11) is divided by 16.
15
What is the remainder when (5 - 9)/(4/(-48)*2) is divided by 9?
6
Calculate the remainder when (-11 + (-161)/(-14))*(1 + 123) is divided by (-2 - (-12)/(-10))*-5.
14
Suppose 47*d + 374 = 58*d. What is the remainder when 127 is divided by d?
25
Let z be ((-18)/4 + 5)/((-2)/784). Let y = -130 - z. Calculate the remainder when y is divided by 35.
31
Let p = 1509 + -1401. Calculate the remainder when p is divided by 59.
49
Let g = -593 + 831. Calculate the remainder when g is divided by 60.
58
Let z = 373 + -324. Calculate the remainder when 144 is divided by z.
46
Suppose 5*q = -38 - 162. Let j = 29 + q. Let m = j - -18. Calculate the remainder when m is divided by 2.
1
Suppose 5*c - 43 = 3*q, 3*q + 27 = -5*c + 8*c. Calculate the remainder when 398 is divided by c.
6
Let u = 1 - 0. Let l be (1/(-2))/(-1*(-1)/(-8)). Suppose u = 2*c - m - l, 5*m = -2*c - 1. Calculate the remainder when 11 is divided by c.
1
Let b = 47 - 47. Let p(r) = 130*r**2 - 2*r + 1. Let a be p(1). Suppose b*m - 3*m + a = 0. Calculate the remainder when m is divided by 22.
21
Let z = 5 + 0. Suppose -z*n - w = -20, -n = -2*n + 4*w + 25. Suppose n*v - h = -3*h + 80, v - 2*h - 28 = 0. What is the remainder when 34 is divided by v?
16
Let p be 4/(-6)*(-27)/6. Suppose 0*k - 5 = k. Let v = p - k. Calculate the remainder when 31 is divided by v.
7
Let u = 53 - 18. Let j(t) = -3*t + 2. Let h be j(-3). Let s = 1 + h. Calculate the remainder when u is divided by s.
11
What is the remainder when 73 is divided by (-2)/17 + 2394/119?
13
Suppose -3568*k - 16938 = -3586*k. What is the remainder when k is divided by 23?
21
Let j(x) = -2*x**3 + 13*x**2 + 3*x - 7. Let d be j(6). Suppose -129 = -8*s + d. What is the remainder when 81 is divided by s?
15
Let j = -125 - -219. What is the remainder when j is divided by -1*(0 + 3 - 27)?
22
Let p(m) be the second derivative of m**4/3 - 2*m**3 + 37*m**2/2 - 58*m. What is the remainder when p(6) is divided by 29?
22
What is the remainder when 1594 is divided by (-1 - -43) + 90 + -98?
30
Suppose b - 125 = -z + 452, 4*b + 1154 = 2*z. What is the remainder when z is divided by 17?
16
Suppose o = 45 - 25. Let c(j) = 2*j**2 + 7*j - 2. Let b be c(-4). Let g = b + 55. What is the remainder when g is divided by o?
17
Let k = 64 + -138. Let i = k - -89. Calculate the remainder when 70 is divided by i.
10
Suppose 5*n = 2*c + 55, -4*n + 2*c = -13 - 29. Suppose 3*b = -9, k + 2*b + 29 = b. Let i = k + 50. What is the remainder when i is divided by n?
11
Suppose 4*r - 3*p - 47 = 0, r - p = -3*r + 45. Let z = r + -11. Suppose -d - d + 42 = z. Calculate the remainder when d is divided by 12.
9
Let q(x) = -x**3 + x**2 + 15*x + 2. What is the remainder when 39 is divided by q(4)?
11
Suppose l + 2 = 5. Suppose -k - l*k + 16 = 0. What is the remainder when 5/k - 2/8 is divided by 1?
0
Let r(z) = -z + 13. Let n be r(15). Let w(u) = -u**3 + 2*u**2 + 4*u. Let t be w(n). Let j = t - 1. What is the remainder when 13 is divided by j?
6
Let x = 8 + 8. Suppose x + 4 = 5*z. What is the remainder when 3*z*5/2 is divided by 8?
6
Calculate the remainder when 40 is divided by (7/(-4))/(25/(-300)).
19
Let y(t) = -t**2 + t. Let v(z) = -z**3 + 6*z**2 - 2*z - 5. Let w(u) = -v(u) - 5*y(u). What is the remainder when 9 is divided by w(2)?
0
Let o(t) = t**3 + 17*t**2 + 18*t + 14. What is the remainder when o(-15) is divided by 15?
14
Let q = 14 + -1. What is the remainder when 1*2 - (-32 - -6 - 3) is divided by q?
5
Suppose 12*x = -2023 + 5635. Calculate the remainder when x is divided by 102.
97
Suppose -29*h = 214 - 562. What is the remainder when (-2)/(-6)*(128 - -1) is divided by h?
7
Let k = 73 - 68. Let l(i) = 13*i - 17. Calculate the remainder when l(k) is divided by 5.
3
Suppose -12*i - 702 = -39*i. What is the remainder when i is divided by 16?
10
Let m(f) = 8*f - 16. Let n be m(13). Let v = n - -140. Suppose 5*b - 72 = v. What is the remainder when b is divided by 21?
18
Let x = 178 + -157. Calculate the remainder when x is divided by 6.
3
Let s(m) = 2*m - 28. Let c be s(14). Suppose c*v + 6*v - 402 = 0. Calculate the remainder when v is divided by 14.
11
Suppose -5*v + 85 = 5*k, 0 = -4*k + 3 - 19. What is the remainder when 145 is divided by v?
19
Suppose -194 = -16*g + 14*g + 3*a, 3*g = -4*a + 257. Let r(f) = 4*f**2 + 4*f - 2. Calculate the remainder when g is divided by r(3).
45
Let g = 49 - 85. Let n = 44 + g. What is the remainder when 14 is divided by n?
6
Suppose 720 = 51*q - 1320. What is the remainder when q is divided by 14?
12
Let p(f) = 2*f**3 - 14*f**2 + 7*f - 26. Calculate the remainder when p(8) is divided by 23.
20
Suppose 0 = 5*y - y - 48. Let u be (28/(-6) + 3)*-3. Suppose -49 = -2*q + u*i, 4*q - i - 61 = 2*q. Calculate the remainder when q is divided by y.
8
Suppose -4*s + 6*s = h + 234, 246 = -h - s. Let j = 407 + h. Let t = -115 + j. Calculate the remainder when t is divided by 13.
11
Suppose -c + 18 = -24. What is the remainder when c is divided by 13?
3
Suppose 0 = 33*m - 46*m + 988. What is the remainder when m is divided by 12?
4
What is the remainder when 139 is divided by (-10 - (6 + -8))/((-1)/2)?
11
Suppose 2*u + 420 = 12*u. What is the remainder when u is divided by 24?
18
Let b(v) = v**2 - 23*v + 139. What is the remainder when b(11) is divided by 8/6*(-3)/(-2)?
1
Suppose 0 = -5*q + q + 4*d + 20, -20 = 4*q + 4*d. Suppose q = p - f - 34, p + 4*p = 3*f + 174. Calculate the remainder when p is divided by 13.
10
What is the remainder when 209 is divided by (2968/48)/(-7)*-6?
50
Let c = -15 + 57. Suppose -5*i - 4*f = -107, -3*i + 5*i - 53 = -5*f. Suppose k - i = 3. What is the remainder when c is divided by k?
20
Let b(d) = -40*d**3 - 2*d**2 + 1. Calculate the remainder when 138 is divided by b(-1).
21
Suppose 4*z - 29 - 23 = 3*h, 5*h = -20. What is the remainder when 416/z + 16/40 is divided by 11?
9
Let n(h) = -45*h - 38. What is the remainder when n(-4) is divided by 26?
12
Let c(f) = 5*f + 29. Let t be c(-18). Let j = 70 + t. Let s = -21 + 37. What is the remainder when s is divided by j?
7
Suppose -4*l + 12 = 0, -n + 3*n - 5*l + 3 = 0. Calculate the remainder when (-15)/n*(-26)/5 is divided by 5.
3
Suppose 2*r = -2*r + 20. What is the remainder when r is divided by (70/(-25) + 2)*5/(-2)?
1
Suppose 3*h - 17*h + 56 = 0. Suppose 4*u = 4*i - 113 + 25, u - h = 0. What is the remainder when 82 is divided by i?
4
Suppose 5*b + 194 = -41. Let o = -28 - b. Let s = -27 - -64. What is the remainder when s is divided by o?
18
Let l = 346 - 303. Calculate the remainder when l is divided by 12.
7
Suppose 5*s - 205 = -8*o + 5*o, -4*s + 134 = 2*o. Calculate the remainder when o is divided by 17.
7
Let s be -3 + 69/21 + (-1942)/(-14). Let n = s - -89. What is the remainder when n is divided by 33?
30
Let s(p) = p**2 - 8 + 3*p + 3*p - 3*p + 3. Let j = 6 + 31. Calculate the remainder when j is divided by s(-6).
11
Suppose -2*u - 2*y - 86 = -4, -160 = 4*u + 3*y. Let z = u - -58. Let g = -46 + 126. What is the remainder when g is divided by z?
17
Suppose j - 2 = 4. Suppose -5*i = -3*n - 94, -i = -j*i + n + 98. Suppose 3*r - 6 = 0, -2*y + r + i + 8 = 0. Calculate the remainder when 59 is divided by y.
14
What is the remainder when (-1029)/(-3)*(11 + -9) is divided by 43?
41
Let k = -64 + 91. Suppose 0*h = h - 16. What is the remainder when k is divided by h?
11
Suppose u + 5*p - p = 32, -59 = -2*u - 3*p. Calculate the remainder when 163 is divided by u.
23
Suppose -7*d + 2*d + 65 = -5*y, 0 = -y + 4*d - 19. Calculate the remainder when (150/(-4))/(5/(-10)) is divided by 4/22 - 284/y.
23
Let q = -2548 + 2594. What is the remainder when 141 is divided by q?
3
Let v(f) = 4*f**2 + 5*f - 7. Let a be v(-5). Let u be (3/6)/(2/a). Suppose 3*o = 3*g - g - u, 5*o + 7 = -2*g. Calculate the remainder when 18 is divided by g.
2
Let d(y) = 95*y - 2. What is the remainder when d(4) is divided by 64?
58
Suppose 240 = -6*k + 14*k. Calculate the remainder when 46 is divided by k.
16
Let n(t) = t**3 + 2*t**2 - 2*t - 6. Let p = 38 + -21. Calculate the remainder when n(3) is divided by p.
16
Suppose -68 = -17*a - 0*a. Calculate the remainder when 13 is divided by a.
1
Let z = -105 + 119. Let f(d) = d